est common factor of 754 and 18?
2
What is the greatest common factor of 144 and 85536?
144
Calculate the highest common divisor of 1753418 and 1244.
622
Calculate the highest common divisor of 678 and 189614.
226
Calculate the highest common factor of 683 and 187142.
683
What is the highest common factor of 448 and 640976?
112
Calculate the greatest common factor of 76997 and 2479.
37
Calculate the highest common factor of 312 and 327288.
312
What is the highest common divisor of 2464 and 22946?
154
What is the highest common factor of 334179 and 27?
27
What is the highest common factor of 6448602 and 166?
166
What is the greatest common factor of 18 and 62126?
2
What is the highest common factor of 5452 and 5220?
116
Calculate the highest common divisor of 19548 and 318198.
1086
What is the greatest common factor of 889006 and 2022?
674
What is the greatest common factor of 524 and 43099?
131
What is the greatest common divisor of 618102 and 3726?
414
Calculate the greatest common factor of 14289 and 1287.
33
What is the highest common factor of 530 and 3108185?
265
Calculate the greatest common factor of 579 and 201.
3
Calculate the greatest common divisor of 4112 and 111200.
16
Calculate the highest common factor of 54 and 43458.
6
What is the greatest common factor of 876 and 36573?
219
Calculate the greatest common divisor of 125 and 485.
5
What is the highest common factor of 14483 and 77?
7
Calculate the highest common factor of 39 and 120679.
13
Calculate the highest common factor of 50 and 184550.
50
What is the highest common factor of 279954 and 15402?
906
What is the greatest common divisor of 26102 and 12630?
842
Calculate the greatest common divisor of 46812 and 5478.
498
What is the highest common divisor of 12614 and 1700?
34
What is the highest common divisor of 37709 and 7?
7
Calculate the highest common factor of 2204 and 40948.
116
Calculate the highest common divisor of 344 and 72283.
43
Calculate the greatest common factor of 23238 and 9432.
18
Calculate the highest common divisor of 476 and 5656.
28
Calculate the greatest common factor of 3235 and 495.
5
What is the greatest common factor of 111067 and 34155?
253
What is the highest common divisor of 389 and 283970?
389
What is the greatest common divisor of 174 and 59740?
58
Calculate the highest common divisor of 15164 and 1564.
68
Calculate the greatest common factor of 67575 and 530.
265
What is the highest common divisor of 294156 and 36?
36
What is the greatest common factor of 335 and 7205180?
335
Calculate the greatest common divisor of 1203 and 4.
1
What is the highest common factor of 2222 and 16214?
22
What is the greatest common divisor of 37030 and 92?
46
What is the greatest common factor of 416 and 313664?
416
Calculate the greatest common factor of 76723 and 73.
73
Calculate the highest common divisor of 2527 and 11552.
361
What is the greatest common divisor of 143 and 19459?
11
Calculate the greatest common factor of 4848 and 1101102.
606
Calculate the greatest common divisor of 44864 and 512.
64
What is the greatest common factor of 85335 and 15?
15
What is the greatest common factor of 23754 and 214?
214
What is the highest common divisor of 33 and 420?
3
What is the highest common divisor of 6456 and 464?
8
Calculate the highest common divisor of 3800 and 32250.
50
What is the highest common divisor of 86859 and 36?
9
What is the highest common factor of 1063543 and 598?
299
What is the highest common divisor of 88 and 17919?
11
What is the highest common factor of 1892 and 4796?
44
Calculate the greatest common factor of 309 and 69113.
103
What is the highest common factor of 189 and 521199?
63
What is the highest common factor of 12 and 74388?
12
What is the highest common divisor of 28942 and 3364?
58
What is the greatest common divisor of 1075 and 1275?
25
Calculate the highest common divisor of 2176 and 421498.
34
What is the greatest common divisor of 2231 and 1479347?
97
Calculate the highest common factor of 12634 and 6.
2
What is the greatest common divisor of 54 and 177624?
18
Calculate the highest common divisor of 34036 and 469.
67
What is the greatest common factor of 198 and 50886?
198
What is the greatest common factor of 7 and 1222081?
7
What is the highest common factor of 4444136 and 344?
344
Calculate the highest common divisor of 1925935 and 722.
361
What is the highest common factor of 156 and 4342?
26
Calculate the highest common factor of 49654 and 333.
37
What is the greatest common factor of 524 and 4?
4
Calculate the greatest common factor of 1152 and 29472.
96
What is the greatest common factor of 865 and 35?
5
Calculate the greatest common factor of 344311 and 33.
11
Calculate the greatest common divisor of 11135 and 850.
85
What is the greatest common factor of 440 and 49940?
220
What is the greatest common factor of 1070052 and 1932?
276
What is the greatest common divisor of 8892900 and 241?
241
Calculate the highest common divisor of 13030 and 770.
10
Calculate the greatest common divisor of 104658 and 30.
6
Calculate the greatest common factor of 455253 and 2308.
577
Calculate the greatest common divisor of 37356 and 22.
22
Calculate the greatest common factor of 1675 and 32250.
25
What is the greatest common factor of 10787 and 3484?
67
What is the greatest common factor of 33267 and 78?
39
Calculate the highest common divisor of 1978 and 13158.
86
Calculate the highest common factor of 1624 and 58174.
58
What is the highest common divisor of 32 and 7920?
16
Calculate the greatest common factor of 3 and 10358.
1
What is the greatest common divisor of 98 and 7234654?
98
What is the greatest common factor of 28 and 93268?
28
What is the greatest common factor of 1860 and 176328?
372
What is the highest common divisor of 253 and 480953?
253
What is the greatest common divisor of 308 and 1694?
154
Calculate the highest common divisor of 1624 and 184933.
203
Calculate the greatest common divisor of 1856 and 58.
58
Calculate the greatest common factor of 1659 and 14889.
21
Calculate the greatest common divisor of 189 and 133140.
21
What is the greatest common divisor of 66 and 126632?
22
What is the greatest common factor of 25985 and 145?
5
Calculate the greatest common divisor of 478 and 272699.
239
Calculate the greatest common factor of 7942432 and 8.
8
Calculate the greatest common factor of 60 and 2580.
60
Calculate the greatest common divisor of 2224170 and 30.
30
Calculate the highest common divisor of 61090 and 90610.
410
Calculate the greatest common factor of 988 and 1608844.
76
What is the highest common factor of 3 and 696627?
3
Calculate the greatest common factor of 8446 and 3296.
206
What is the greatest common factor of 6021 and 167919?
669
Calculate the highest common factor of 60449 and 8.
1
What is the highest common factor of 348478 and 6760?
338
What is the highest common divisor of 1519012 and 2607?
869
Calculate the highest common divisor of 81 and 33237.
27
What is the greatest common factor of 438 and 222?
6
Calculate the highest common divisor of 39760 and 8760.
40
What is the greatest common factor of 36 and 2965272?
12
Calculate the highest common factor of 790 and 358265.
395
Calculate the greatest common divisor of 20 and 657830.
10
Calculate the greatest common divisor of 75210 and 436.
218
Calculate the greatest common divisor of 192 and 2069472.
96
What is the greatest common divisor of 12693976 and 46?
46
What is the highest common factor of 52171 and 145?
29
What is the highest common divisor of 39052 and 52?
52
Calculate the greatest common divisor of 6416 and 79799.
401
Calculate the highest common divisor of 22977 and 325674.
999
What is the highest common divisor of 732 and 85278?
366
Calculate the greatest common factor of 9338 and 56.
14
Calculate the highest common factor of 736 and 2300.
92
What is the greatest common factor of 1476 and 3222?
18
Calculate the highest common factor of 1122 and 3102.
66
Calculate the highest common factor of 9232 and 4039.
577
What is the greatest common factor of 5490 and 2425482?
1098
Calculate the highest common factor of 59432 and 38.
38
What is the greatest common factor of 46896 and 4?
4
Calculate the greatest common divisor of 98853 an